{"id":6,"date":"2024-06-10T08:24:41","date_gmt":"2024-06-10T08:24:41","guid":{"rendered":"http:\/\/xtratheme.combuilding\/?page_id=6"},"modified":"2025-10-27T22:42:25","modified_gmt":"2025-10-28T01:42:25","slug":"sobre-a-empresa","status":"publish","type":"page","link":"https:\/\/jazygo.com.br\/home\/sobre-a-empresa\/","title":{"rendered":"Sobre a empresa"},"content":{"rendered":"\t\t<div data-elementor-type=\"wp-page\" data-elementor-id=\"6\" class=\"elementor elementor-6\">\n\t\t\t\t\t\t<section class=\"elementor-section elementor-top-section elementor-element elementor-element-3ec04815 elementor-section-boxed elementor-section-height-default elementor-section-height-default\" data-id=\"3ec04815\" data-element_type=\"section\">\n\t\t\t\t\t\t<div class=\"elementor-container elementor-column-gap-default\">\n\t\t\t\t\t<div class=\"elementor-column elementor-col-50 elementor-top-column elementor-element elementor-element-5d0309d8\" data-id=\"5d0309d8\" data-element_type=\"column\">\n\t\t\t<div class=\"elementor-widget-wrap elementor-element-populated\">\n\t\t\t\t\t\t<div class=\"elementor-element elementor-element-3794a3c9 elementor-widget elementor-widget-cz_title\" data-id=\"3794a3c9\" data-element_type=\"widget\" data-widget_type=\"cz_title.default\">\n\t\t\t\t<div class=\"elementor-widget-container\">\n\t\t\t\t\t\t\r\n\t\t<div>\r\n\t\t\t<div class=\"cz_title clr cz_mobile_text_center cz_title_pos_inline\"><div class=\"cz_title_shape shape_square cz_shape_1\"><\/div><div class=\"cz_title_shape shape_square cz_shape_2\"><\/div><div class=\"cz_title_content\"><div class=\"cz_wpe_content\"><h3><span style=\"font-weight: 300;\"><span style=\"color: rgba(0, 70, 122, 0.35);\">QUEM SOMOS?<\/span> <\/span><\/h3><h2><span style=\"font-weight: bold;\">SOBRE N\u00d3S<\/span><\/h2><\/div><\/div><\/div>\r\n\t\t<\/div>\r\n\t\t\r\n\t\t\t\t\t\t<\/div>\n\t\t\t\t<\/div>\n\t\t\t\t<div class=\"elementor-element elementor-element-2cf32790 elementor-widget elementor-widget-cz_title\" data-id=\"2cf32790\" data-element_type=\"widget\" data-widget_type=\"cz_title.default\">\n\t\t\t\t<div class=\"elementor-widget-container\">\n\t\t\t\t\t\t\r\n\t\t<div>\r\n\t\t\t<div class=\"cz_title clr cz_mobile_text_center cz_title_pos_inline\"><div class=\"cz_title_content\"><div class=\"cz_wpe_content\"><p><span style=\"font-size: 20px; margin-top: 10px; display: inline-block; color: #666666;\">Somos uma plataforma inovadora que transforma a forma como preservamos e celebramos a mem\u00f3ria de quem amamos. Atrav\u00e9s da tecnologia QR Code, conectamos o mundo f\u00edsico ao digital, criando memoriais eternos e acess\u00edveis.<\/span><\/p><\/div><\/div><\/div>\r\n\t\t<\/div>\r\n\t\t\r\n\t\t\t\t\t\t<\/div>\n\t\t\t\t<\/div>\n\t\t\t\t\t<\/div>\n\t\t<\/div>\n\t\t\t\t<div class=\"elementor-column elementor-col-50 elementor-top-column elementor-element elementor-element-137078e4\" data-id=\"137078e4\" data-element_type=\"column\">\n\t\t\t<div class=\"elementor-widget-wrap elementor-element-populated\">\n\t\t\t\t\t\t<div class=\"elementor-element elementor-element-2d406746 elementor-widget elementor-widget-cz_image\" data-id=\"2d406746\" data-element_type=\"widget\" data-widget_type=\"cz_image.default\">\n\t\t\t\t<div class=\"elementor-widget-container\">\n\t\t\t\t\t\r\n\t\t<div class=\"cz_image clr cz_image_no_fx center_on_mobile\" data-position=\"\">\r\n\r\n\t\t\t<div>\r\n\r\n\t\t\t\t<div class=\"cz_image_in\">\r\n\r\n\t\t\t\t\t<div class=\"cz_main_image\"><img fetchpriority=\"high\" decoding=\"async\" width=\"1080\" height=\"1350\" src=\"https:\/\/jazygo.com.br\/home\/wp-content\/uploads\/2025\/10\/1.jpg\" class=\"attachment-full size-full wp-image-1694\" alt=\"\" srcset=\"https:\/\/jazygo.com.br\/home\/wp-content\/uploads\/2025\/10\/1.jpg 1080w, https:\/\/jazygo.com.br\/home\/wp-content\/uploads\/2025\/10\/1-240x300.jpg 240w, https:\/\/jazygo.com.br\/home\/wp-content\/uploads\/2025\/10\/1-819x1024.jpg 819w, https:\/\/jazygo.com.br\/home\/wp-content\/uploads\/2025\/10\/1-768x960.jpg 768w, https:\/\/jazygo.com.br\/home\/wp-content\/uploads\/2025\/10\/1-600x750.jpg 600w, https:\/\/jazygo.com.br\/home\/wp-content\/uploads\/2025\/10\/1-1000x1250.jpg 1000w\" sizes=\"(max-width: 1080px) 100vw, 1080px\" \/><\/div>\r\n\r\n\t\t\t\t\t<div class=\"cz_hover_image\"><img fetchpriority=\"high\" decoding=\"async\" width=\"1080\" height=\"1350\" src=\"https:\/\/jazygo.com.br\/home\/wp-content\/uploads\/2025\/10\/1.jpg\" class=\"attachment-full size-full wp-image-1694\" alt=\"\" srcset=\"https:\/\/jazygo.com.br\/home\/wp-content\/uploads\/2025\/10\/1.jpg 1080w, https:\/\/jazygo.com.br\/home\/wp-content\/uploads\/2025\/10\/1-240x300.jpg 240w, https:\/\/jazygo.com.br\/home\/wp-content\/uploads\/2025\/10\/1-819x1024.jpg 819w, https:\/\/jazygo.com.br\/home\/wp-content\/uploads\/2025\/10\/1-768x960.jpg 768w, https:\/\/jazygo.com.br\/home\/wp-content\/uploads\/2025\/10\/1-600x750.jpg 600w, https:\/\/jazygo.com.br\/home\/wp-content\/uploads\/2025\/10\/1-1000x1250.jpg 1000w\" sizes=\"(max-width: 1080px) 100vw, 1080px\" \/><\/div>\r\n\t\t\t\t<\/div>\r\n\r\n\t\t\t\t\r\n\t\t\t<\/div>\r\n\r\n\t\t<\/div>\r\n\r\n\t\t\t\t\t<\/div>\n\t\t\t\t<\/div>\n\t\t\t\t\t<\/div>\n\t\t<\/div>\n\t\t\t\t\t<\/div>\n\t\t<\/section>\n\t\t\t\t<section class=\"elementor-section elementor-top-section elementor-element elementor-element-94ba72c elementor-section-boxed elementor-section-height-default elementor-section-height-default\" data-id=\"94ba72c\" data-element_type=\"section\">\n\t\t\t\t\t\t<div class=\"elementor-container elementor-column-gap-default\">\n\t\t\t\t\t<div class=\"elementor-column elementor-col-50 elementor-top-column elementor-element elementor-element-4f308d5\" data-id=\"4f308d5\" data-element_type=\"column\">\n\t\t\t<div class=\"elementor-widget-wrap elementor-element-populated\">\n\t\t\t\t\t\t<div class=\"elementor-element elementor-element-8333c98 elementor-widget elementor-widget-cz_image\" data-id=\"8333c98\" data-element_type=\"widget\" data-widget_type=\"cz_image.default\">\n\t\t\t\t<div class=\"elementor-widget-container\">\n\t\t\t\t\t\r\n\t\t<div class=\"cz_image clr cz_image_no_fx center_on_mobile\" data-position=\"\">\r\n\r\n\t\t\t<div>\r\n\r\n\t\t\t\t<div class=\"cz_image_in\">\r\n\r\n\t\t\t\t\t<div class=\"cz_main_image\"><img decoding=\"async\" width=\"1080\" height=\"1350\" src=\"https:\/\/jazygo.com.br\/home\/wp-content\/uploads\/2025\/10\/2.jpg\" class=\"attachment-full size-full wp-image-1695\" alt=\"\" srcset=\"https:\/\/jazygo.com.br\/home\/wp-content\/uploads\/2025\/10\/2.jpg 1080w, https:\/\/jazygo.com.br\/home\/wp-content\/uploads\/2025\/10\/2-240x300.jpg 240w, https:\/\/jazygo.com.br\/home\/wp-content\/uploads\/2025\/10\/2-819x1024.jpg 819w, https:\/\/jazygo.com.br\/home\/wp-content\/uploads\/2025\/10\/2-768x960.jpg 768w, https:\/\/jazygo.com.br\/home\/wp-content\/uploads\/2025\/10\/2-600x750.jpg 600w, https:\/\/jazygo.com.br\/home\/wp-content\/uploads\/2025\/10\/2-1000x1250.jpg 1000w\" sizes=\"(max-width: 1080px) 100vw, 1080px\" \/><\/div>\r\n\r\n\t\t\t\t\t<div class=\"cz_hover_image\"><img decoding=\"async\" width=\"1080\" height=\"1350\" src=\"https:\/\/jazygo.com.br\/home\/wp-content\/uploads\/2025\/10\/2.jpg\" class=\"attachment-full size-full wp-image-1695\" alt=\"\" srcset=\"https:\/\/jazygo.com.br\/home\/wp-content\/uploads\/2025\/10\/2.jpg 1080w, https:\/\/jazygo.com.br\/home\/wp-content\/uploads\/2025\/10\/2-240x300.jpg 240w, https:\/\/jazygo.com.br\/home\/wp-content\/uploads\/2025\/10\/2-819x1024.jpg 819w, https:\/\/jazygo.com.br\/home\/wp-content\/uploads\/2025\/10\/2-768x960.jpg 768w, https:\/\/jazygo.com.br\/home\/wp-content\/uploads\/2025\/10\/2-600x750.jpg 600w, https:\/\/jazygo.com.br\/home\/wp-content\/uploads\/2025\/10\/2-1000x1250.jpg 1000w\" sizes=\"(max-width: 1080px) 100vw, 1080px\" \/><\/div>\r\n\t\t\t\t<\/div>\r\n\r\n\t\t\t\t\r\n\t\t\t<\/div>\r\n\r\n\t\t<\/div>\r\n\r\n\t\t\t\t\t<\/div>\n\t\t\t\t<\/div>\n\t\t\t\t\t<\/div>\n\t\t<\/div>\n\t\t\t\t<div class=\"elementor-column elementor-col-50 elementor-top-column elementor-element elementor-element-18f609c\" data-id=\"18f609c\" data-element_type=\"column\">\n\t\t\t<div class=\"elementor-widget-wrap elementor-element-populated\">\n\t\t\t\t\t\t<div class=\"elementor-element elementor-element-6e3a3fa9 elementor-widget elementor-widget-cz_title\" data-id=\"6e3a3fa9\" data-element_type=\"widget\" data-widget_type=\"cz_title.default\">\n\t\t\t\t<div class=\"elementor-widget-container\">\n\t\t\t\t\t\t\r\n\t\t<div>\r\n\t\t\t<div class=\"cz_title clr cz_mobile_text_center cz_title_pos_inline\"><div class=\"cz_title_shape shape_square cz_shape_1\"><\/div><div class=\"cz_title_shape shape_square cz_shape_2\"><\/div><div class=\"cz_title_content\"><div class=\"cz_wpe_content\"><h2><span style=\"font-weight: bold;\">ORIGEM<\/span><\/h2><\/div><\/div><\/div>\r\n\t\t<\/div>\r\n\t\t\r\n\t\t\t\t\t\t<\/div>\n\t\t\t\t<\/div>\n\t\t\t\t<div class=\"elementor-element elementor-element-e27934c elementor-widget elementor-widget-cz_title\" data-id=\"e27934c\" data-element_type=\"widget\" data-widget_type=\"cz_title.default\">\n\t\t\t\t<div class=\"elementor-widget-container\">\n\t\t\t\t\t\t\r\n\t\t<div>\r\n\t\t\t<div class=\"cz_title clr cz_mobile_text_center cz_title_pos_inline\"><div class=\"cz_title_content\"><div class=\"cz_wpe_content\"><p><span style=\"font-size: 20px; margin-top: 10px; display: inline-block; color: #666666;\">A Jazygo nasceu da necessidade de preservar hist\u00f3rias que n\u00e3o podem ser esquecidas. Cada vida \u00e9 \u00fanica e merece ser celebrada de forma especial, mantendo viva a mem\u00f3ria e os ensinamentos daqueles que amamos.<\/span><\/p><\/div><\/div><\/div>\r\n\t\t<\/div>\r\n\t\t\r\n\t\t\t\t\t\t<\/div>\n\t\t\t\t<\/div>\n\t\t\t\t<div class=\"elementor-element elementor-element-3b7d0dd elementor-widget elementor-widget-cz_title\" data-id=\"3b7d0dd\" data-element_type=\"widget\" data-widget_type=\"cz_title.default\">\n\t\t\t\t<div class=\"elementor-widget-container\">\n\t\t\t\t\t\t\r\n\t\t<div>\r\n\t\t\t<div class=\"cz_title clr cz_mobile_text_center cz_title_pos_inline\"><div class=\"cz_title_content\"><div class=\"cz_wpe_content\"><p><span style=\"font-size: 20px; margin-top: 10px; display: inline-block; color: #666666;\">A Nossa plataforma permite que voc\u00ea crie memoriais ricos em conte\u00fado, com fotos, v\u00eddeos, textos e muito mais. Tudo isso acess\u00edvel atrav\u00e9s de uma placa QR Code instalada no t\u00famulo ou atrav\u00e9s de um link compartilh\u00e1vel.<\/span><\/p><\/div><\/div><\/div>\r\n\t\t<\/div>\r\n\t\t\r\n\t\t\t\t\t\t<\/div>\n\t\t\t\t<\/div>\n\t\t\t\t\t<\/div>\n\t\t<\/div>\n\t\t\t\t\t<\/div>\n\t\t<\/section>\n\t\t\t\t<\/div>\n\t\t","protected":false},"excerpt":{"rendered":"<p>QUEM SOMOS? SOBRE N\u00d3S Somos uma plataforma inovadora que transforma a &#8230; <\/p>\n","protected":false},"author":1,"featured_media":0,"parent":0,"menu_order":0,"comment_status":"closed","ping_status":"closed","template":"","meta":{"footnotes":""},"class_list":["post-6","page","type-page","status-publish","hentry"],"yoast_head":"<!-- This site is optimized with the Yoast SEO plugin v27.2 - https:\/\/yoast.com\/product\/yoast-seo-wordpress\/ -->\n<title>Sobre a empresa - Jazygo Memorial<\/title>\n<meta name=\"description\" content=\"Somos uma plataforma inovadora que transforma a forma como preservamos e celebramos a mem\u00f3ria de quem amamos. Atrav\u00e9s da tecnologia QR Code, conectamos o mundo f\u00edsico ao digital, criando memoriais eternos e acess\u00edveis.\" \/>\n<meta name=\"robots\" content=\"index, follow, max-snippet:-1, max-image-preview:large, max-video-preview:-1\" \/>\n<link rel=\"canonical\" href=\"https:\/\/jazygo.com.br\/home\/sobre-a-empresa\/\" \/>\n<meta property=\"og:locale\" content=\"pt_BR\" \/>\n<meta property=\"og:type\" content=\"article\" \/>\n<meta property=\"og:title\" content=\"Sobre a empresa - Jazygo Memorial\" \/>\n<meta property=\"og:description\" content=\"Somos uma plataforma inovadora que transforma a forma como preservamos e celebramos a mem\u00f3ria de quem amamos. Atrav\u00e9s da tecnologia QR Code, conectamos o mundo f\u00edsico ao digital, criando memoriais eternos e acess\u00edveis.\" \/>\n<meta property=\"og:url\" content=\"https:\/\/jazygo.com.br\/home\/sobre-a-empresa\/\" \/>\n<meta property=\"og:site_name\" content=\"Jazygo Memorial\" \/>\n<meta property=\"article:modified_time\" content=\"2025-10-28T01:42:25+00:00\" \/>\n<meta property=\"og:image\" content=\"https:\/\/jazygo.com.br\/home\/wp-content\/uploads\/2025\/10\/1.jpg\" \/>\n<meta name=\"twitter:card\" content=\"summary_large_image\" \/>\n<meta name=\"twitter:label1\" content=\"Est. tempo de leitura\" \/>\n\t<meta name=\"twitter:data1\" content=\"2 minutos\" \/>\n<script type=\"application\/ld+json\" class=\"yoast-schema-graph\">{\"@context\":\"https:\/\/schema.org\",\"@graph\":[{\"@type\":\"WebPage\",\"@id\":\"https:\/\/jazygo.com.br\/home\/sobre-a-empresa\/\",\"url\":\"https:\/\/jazygo.com.br\/home\/sobre-a-empresa\/\",\"name\":\"Sobre a empresa - Jazygo Memorial\",\"isPartOf\":{\"@id\":\"https:\/\/jazygo.com.br\/home\/#website\"},\"primaryImageOfPage\":{\"@id\":\"https:\/\/jazygo.com.br\/home\/sobre-a-empresa\/#primaryimage\"},\"image\":{\"@id\":\"https:\/\/jazygo.com.br\/home\/sobre-a-empresa\/#primaryimage\"},\"thumbnailUrl\":\"https:\/\/jazygo.com.br\/home\/wp-content\/uploads\/2025\/10\/1.jpg\",\"datePublished\":\"2024-06-10T08:24:41+00:00\",\"dateModified\":\"2025-10-28T01:42:25+00:00\",\"description\":\"Somos uma plataforma inovadora que transforma a forma como preservamos e celebramos a mem\u00f3ria de quem amamos. Atrav\u00e9s da tecnologia QR Code, conectamos o mundo f\u00edsico ao digital, criando memoriais eternos e acess\u00edveis.\",\"breadcrumb\":{\"@id\":\"https:\/\/jazygo.com.br\/home\/sobre-a-empresa\/#breadcrumb\"},\"inLanguage\":\"pt-BR\",\"potentialAction\":[{\"@type\":\"ReadAction\",\"target\":[\"https:\/\/jazygo.com.br\/home\/sobre-a-empresa\/\"]}]},{\"@type\":\"ImageObject\",\"inLanguage\":\"pt-BR\",\"@id\":\"https:\/\/jazygo.com.br\/home\/sobre-a-empresa\/#primaryimage\",\"url\":\"https:\/\/jazygo.com.br\/home\/wp-content\/uploads\/2025\/10\/1.jpg\",\"contentUrl\":\"https:\/\/jazygo.com.br\/home\/wp-content\/uploads\/2025\/10\/1.jpg\",\"width\":1080,\"height\":1350},{\"@type\":\"BreadcrumbList\",\"@id\":\"https:\/\/jazygo.com.br\/home\/sobre-a-empresa\/#breadcrumb\",\"itemListElement\":[{\"@type\":\"ListItem\",\"position\":1,\"name\":\"In\u00edcio\",\"item\":\"https:\/\/jazygo.com.br\/home\/\"},{\"@type\":\"ListItem\",\"position\":2,\"name\":\"Sobre a empresa\"}]},{\"@type\":\"WebSite\",\"@id\":\"https:\/\/jazygo.com.br\/home\/#website\",\"url\":\"https:\/\/jazygo.com.br\/home\/\",\"name\":\"Jazygo Memorial\",\"description\":\"\",\"potentialAction\":[{\"@type\":\"SearchAction\",\"target\":{\"@type\":\"EntryPoint\",\"urlTemplate\":\"https:\/\/jazygo.com.br\/home\/?s={search_term_string}\"},\"query-input\":{\"@type\":\"PropertyValueSpecification\",\"valueRequired\":true,\"valueName\":\"search_term_string\"}}],\"inLanguage\":\"pt-BR\"}]}<\/script>\n<!-- \/ Yoast SEO plugin. -->","yoast_head_json":{"title":"Sobre a empresa - Jazygo Memorial","description":"Somos uma plataforma inovadora que transforma a forma como preservamos e celebramos a mem\u00f3ria de quem amamos. Atrav\u00e9s da tecnologia QR Code, conectamos o mundo f\u00edsico ao digital, criando memoriais eternos e acess\u00edveis.","robots":{"index":"index","follow":"follow","max-snippet":"max-snippet:-1","max-image-preview":"max-image-preview:large","max-video-preview":"max-video-preview:-1"},"canonical":"https:\/\/jazygo.com.br\/home\/sobre-a-empresa\/","og_locale":"pt_BR","og_type":"article","og_title":"Sobre a empresa - Jazygo Memorial","og_description":"Somos uma plataforma inovadora que transforma a forma como preservamos e celebramos a mem\u00f3ria de quem amamos. Atrav\u00e9s da tecnologia QR Code, conectamos o mundo f\u00edsico ao digital, criando memoriais eternos e acess\u00edveis.","og_url":"https:\/\/jazygo.com.br\/home\/sobre-a-empresa\/","og_site_name":"Jazygo Memorial","article_modified_time":"2025-10-28T01:42:25+00:00","og_image":[{"url":"https:\/\/jazygo.com.br\/home\/wp-content\/uploads\/2025\/10\/1.jpg","type":"","width":"","height":""}],"twitter_card":"summary_large_image","twitter_misc":{"Est. tempo de leitura":"2 minutos"},"schema":{"@context":"https:\/\/schema.org","@graph":[{"@type":"WebPage","@id":"https:\/\/jazygo.com.br\/home\/sobre-a-empresa\/","url":"https:\/\/jazygo.com.br\/home\/sobre-a-empresa\/","name":"Sobre a empresa - Jazygo Memorial","isPartOf":{"@id":"https:\/\/jazygo.com.br\/home\/#website"},"primaryImageOfPage":{"@id":"https:\/\/jazygo.com.br\/home\/sobre-a-empresa\/#primaryimage"},"image":{"@id":"https:\/\/jazygo.com.br\/home\/sobre-a-empresa\/#primaryimage"},"thumbnailUrl":"https:\/\/jazygo.com.br\/home\/wp-content\/uploads\/2025\/10\/1.jpg","datePublished":"2024-06-10T08:24:41+00:00","dateModified":"2025-10-28T01:42:25+00:00","description":"Somos uma plataforma inovadora que transforma a forma como preservamos e celebramos a mem\u00f3ria de quem amamos. Atrav\u00e9s da tecnologia QR Code, conectamos o mundo f\u00edsico ao digital, criando memoriais eternos e acess\u00edveis.","breadcrumb":{"@id":"https:\/\/jazygo.com.br\/home\/sobre-a-empresa\/#breadcrumb"},"inLanguage":"pt-BR","potentialAction":[{"@type":"ReadAction","target":["https:\/\/jazygo.com.br\/home\/sobre-a-empresa\/"]}]},{"@type":"ImageObject","inLanguage":"pt-BR","@id":"https:\/\/jazygo.com.br\/home\/sobre-a-empresa\/#primaryimage","url":"https:\/\/jazygo.com.br\/home\/wp-content\/uploads\/2025\/10\/1.jpg","contentUrl":"https:\/\/jazygo.com.br\/home\/wp-content\/uploads\/2025\/10\/1.jpg","width":1080,"height":1350},{"@type":"BreadcrumbList","@id":"https:\/\/jazygo.com.br\/home\/sobre-a-empresa\/#breadcrumb","itemListElement":[{"@type":"ListItem","position":1,"name":"In\u00edcio","item":"https:\/\/jazygo.com.br\/home\/"},{"@type":"ListItem","position":2,"name":"Sobre a empresa"}]},{"@type":"WebSite","@id":"https:\/\/jazygo.com.br\/home\/#website","url":"https:\/\/jazygo.com.br\/home\/","name":"Jazygo Memorial","description":"","potentialAction":[{"@type":"SearchAction","target":{"@type":"EntryPoint","urlTemplate":"https:\/\/jazygo.com.br\/home\/?s={search_term_string}"},"query-input":{"@type":"PropertyValueSpecification","valueRequired":true,"valueName":"search_term_string"}}],"inLanguage":"pt-BR"}]}},"_links":{"self":[{"href":"https:\/\/jazygo.com.br\/home\/wp-json\/wp\/v2\/pages\/6","targetHints":{"allow":["GET"]}}],"collection":[{"href":"https:\/\/jazygo.com.br\/home\/wp-json\/wp\/v2\/pages"}],"about":[{"href":"https:\/\/jazygo.com.br\/home\/wp-json\/wp\/v2\/types\/page"}],"author":[{"embeddable":true,"href":"https:\/\/jazygo.com.br\/home\/wp-json\/wp\/v2\/users\/1"}],"replies":[{"embeddable":true,"href":"https:\/\/jazygo.com.br\/home\/wp-json\/wp\/v2\/comments?post=6"}],"version-history":[{"count":5,"href":"https:\/\/jazygo.com.br\/home\/wp-json\/wp\/v2\/pages\/6\/revisions"}],"predecessor-version":[{"id":1700,"href":"https:\/\/jazygo.com.br\/home\/wp-json\/wp\/v2\/pages\/6\/revisions\/1700"}],"wp:attachment":[{"href":"https:\/\/jazygo.com.br\/home\/wp-json\/wp\/v2\/media?parent=6"}],"curies":[{"name":"wp","href":"https:\/\/api.w.org\/{rel}","templated":true}]}}